{"id":262,"date":"2016-04-11T23:44:54","date_gmt":"2016-04-11T23:44:54","guid":{"rendered":"http:\/\/localhost\/patharteydiseno\/?page_id=262"},"modified":"2017-03-08T16:56:53","modified_gmt":"2017-03-08T16:56:53","slug":"producciones-3d","status":"publish","type":"page","link":"https:\/\/pathdiseno.com\/?page_id=262","title":{"rendered":"Producciones 3D"},"content":{"rendered":"<p style=\"text-align: center;\"><a href=\"http:\/\/patharteydiseno.com\/wp-content\/uploads\/2017\/03\/Produccion-3d.png\"><img fetchpriority=\"high\" decoding=\"async\" class=\"alignnone wp-image-747\" src=\"http:\/\/patharteydiseno.com\/wp-content\/uploads\/2017\/03\/Produccion-3d-300x139.png\" alt=\"Produccion 3d\" width=\"1024\" height=\"474\" srcset=\"https:\/\/pathdiseno.com\/wp-content\/uploads\/2017\/03\/Produccion-3d-300x139.png 300w, https:\/\/pathdiseno.com\/wp-content\/uploads\/2017\/03\/Produccion-3d-768x356.png 768w, https:\/\/pathdiseno.com\/wp-content\/uploads\/2017\/03\/Produccion-3d.png 1024w\" sizes=\"(max-width: 1024px) 100vw, 1024px\" \/><\/a><\/p>\n<table class=\" alignleft\" style=\"height: 752px; width: 1012px;\">\n<tbody>\n<tr style=\"height: 727.433px;\">\n<td style=\"width: 1002px; height: 727.433px;\"><span style=\"font-family: futuran; font-size: 12pt; color: #999999;\">El ciclo de trabajo de una producci\u00f3n 3D lo podemos dividir en <strong>tres grandes fases<\/strong>: preproducci\u00f3n, producci\u00f3n y postproducci\u00f3n. Cada una de ellas lleva asociada diferentes tareas y perfiles profesionales.<\/span><\/p>\n<h4><span style=\"font-family: futuran; font-size: 12pt; color: #999999;\">PRE-PRODUCCI\u00d3N<\/span><\/h4>\n<p><span style=\"font-family: futuran; font-size: 12pt; color: #999999;\">En primer lugar, la etapa de desarrollo creativo, en la que a ra\u00edz de una idea elaboramos una historia o gui\u00f3n, dise\u00f1amos un personaje y le damos forma visualmente a trav\u00e9s del concept art, del storyboard.<\/span><\/p>\n<h4><span style=\"font-family: futuran; font-size: 12pt; color: #999999;\">PRODUCCI\u00d3N <\/span><span style=\"font-family: futuran; font-size: 12pt; color: #999999;\">(Etapa en la que se basa el M\u00e1ster de Animum)<\/span><\/h4>\n<p><span style=\"font-family: futuran; font-size: 12pt; color: #999999;\"><strong>Esta fase se compone de los siguientes procesos:<\/strong><\/span><\/p>\n<p><strong><span style=\"font-family: futuran; font-size: 12pt; color: #999999;\">Modelado y esculpido: <\/span><\/strong><span style=\"font-family: futuran; font-size: 12pt; color: #999999;\">Este paso\u00a0es uno de los m\u00e1s importantes de cualquier producci\u00f3n 3D. En primer lugar, el modelador construye\u00a0la geometr\u00eda de los objetos digitales que intervendr\u00e1n en la escena.<\/span><\/p>\n<p><span style=\"font-family: futuran; font-size: 12pt; color: #999999;\"><strong>Rigging:<\/strong> <\/span><span style=\"font-family: futuran; font-size: 12pt; color: #999999;\">Preparamos al personaje para que sea animado construyendo un esqueleto con capacidad de moverse, deformarse y cambiar de expresi\u00f3n seg\u00fan nuestras necesidades.<\/span><\/p>\n<p><span style=\"font-family: futuran; font-size: 12pt; color: #999999;\"><strong>Materiales y Texturas:<\/strong> <\/span><span style=\"font-family: futuran; font-size: 12pt; color: #999999;\">Mediante los materiales, aplicamos propiedades b\u00e1sicas de reflexi\u00f3n de la luz, color y transparencia a las superficies de nuestros modelos para dotar a la composici\u00f3n de un mayor grado de realismo.<\/span><\/p>\n<p><span style=\"font-family: futuran; font-size: 12pt; color: #999999;\"><strong>Animaci\u00f3n:<\/strong> La fase favorita de muchos, dotar de vida a las creaciones digitales. Creamos la ilusi\u00f3n al espectador de que nuestro personaje se mueve y siente en cada momento.<\/span><\/p>\n<p><span style=\"font-family: futuran; font-size: 12pt; color: #999999;\"><strong>Iluminaci\u00f3n y R\u00e9nder:<\/strong> Etapa en la que se iluminamos la escena 3D controlando la temperatura de color, la posici\u00f3n de los brillos. Despu\u00e9s generamos el r\u00e9nder, resultado de un proceso de c\u00e1lculo en el que el ordenador interpreta la geometr\u00eda, materiales e iluminaci\u00f3n de la escena, y nos devuelve la imagen final.<\/span><\/p>\n<h4><span style=\"font-family: futuran; font-size: 12pt; color: #999999;\">POST-PRODUCCI\u00d3N<\/span><\/h4>\n<p><span style=\"font-family: futuran; font-size: 12pt; color: #999999;\">Finalmente, la fase de postproducci\u00f3n es la composici\u00f3n, donde se componen los renders de iluminaci\u00f3n, fx y los matte paintings. Es aqu\u00ed\u00a0donde se le da el look final a la pel\u00edcula.<\/span><\/td>\n<\/tr>\n<\/tbody>\n<\/table>\n<p>&nbsp;<\/p>\n<p>&nbsp;<\/p>\n","protected":false},"excerpt":{"rendered":"<p>El ciclo de trabajo de una producci\u00f3n 3D lo podemos dividir en tres grandes fases: preproducci\u00f3n, producci\u00f3n y postproducci\u00f3n. Cada [&hellip;]<\/p>\n","protected":false},"author":1,"featured_media":0,"parent":0,"menu_order":0,"comment_status":"closed","ping_status":"closed","template":"","meta":{"site-sidebar-layout":"default","site-content-layout":"","ast-site-content-layout":"default","site-content-style":"default","site-sidebar-style":"default","ast-global-header-display":"","ast-banner-title-visibility":"","ast-main-header-display":"","ast-hfb-above-header-display":"","ast-hfb-below-header-display":"","ast-hfb-mobile-header-display":"","site-post-title":"","ast-breadcrumbs-content":"","ast-featured-img":"","footer-sml-layout":"","ast-disable-related-posts":"","theme-transparent-header-meta":"","adv-header-id-meta":"","stick-header-meta":"","header-above-stick-meta":"","header-main-stick-meta":"","header-below-stick-meta":"","astra-migrate-meta-layouts":"default","ast-page-background-enabled":"default","ast-page-background-meta":{"desktop":{"background-color":"var(--ast-global-color-5)","background-image":"","background-repeat":"repeat","background-position":"center center","background-size":"auto","background-attachment":"scroll","background-type":"","background-media":"","overlay-type":"","overlay-color":"","overlay-opacity":"","overlay-gradient":""},"tablet":{"background-color":"","background-image":"","background-repeat":"repeat","background-position":"center center","background-size":"auto","background-attachment":"scroll","background-type":"","background-media":"","overlay-type":"","overlay-color":"","overlay-opacity":"","overlay-gradient":""},"mobile":{"background-color":"","background-image":"","background-repeat":"repeat","background-position":"center center","background-size":"auto","background-attachment":"scroll","background-type":"","background-media":"","overlay-type":"","overlay-color":"","overlay-opacity":"","overlay-gradient":""}},"ast-content-background-meta":{"desktop":{"background-color":"var(--ast-global-color-4)","background-image":"","background-repeat":"repeat","background-position":"center center","background-size":"auto","background-attachment":"scroll","background-type":"","background-media":"","overlay-type":"","overlay-color":"","overlay-opacity":"","overlay-gradient":""},"tablet":{"background-color":"var(--ast-global-color-4)","background-image":"","background-repeat":"repeat","background-position":"center center","background-size":"auto","background-attachment":"scroll","background-type":"","background-media":"","overlay-type":"","overlay-color":"","overlay-opacity":"","overlay-gradient":""},"mobile":{"background-color":"var(--ast-global-color-4)","background-image":"","background-repeat":"repeat","background-position":"center center","background-size":"auto","background-attachment":"scroll","background-type":"","background-media":"","overlay-type":"","overlay-color":"","overlay-opacity":"","overlay-gradient":""}},"footnotes":""},"class_list":["post-262","page","type-page","status-publish","hentry"],"_links":{"self":[{"href":"https:\/\/pathdiseno.com\/index.php?rest_route=\/wp\/v2\/pages\/262","targetHints":{"allow":["GET"]}}],"collection":[{"href":"https:\/\/pathdiseno.com\/index.php?rest_route=\/wp\/v2\/pages"}],"about":[{"href":"https:\/\/pathdiseno.com\/index.php?rest_route=\/wp\/v2\/types\/page"}],"author":[{"embeddable":true,"href":"https:\/\/pathdiseno.com\/index.php?rest_route=\/wp\/v2\/users\/1"}],"replies":[{"embeddable":true,"href":"https:\/\/pathdiseno.com\/index.php?rest_route=%2Fwp%2Fv2%2Fcomments&post=262"}],"version-history":[{"count":11,"href":"https:\/\/pathdiseno.com\/index.php?rest_route=\/wp\/v2\/pages\/262\/revisions"}],"predecessor-version":[{"id":762,"href":"https:\/\/pathdiseno.com\/index.php?rest_route=\/wp\/v2\/pages\/262\/revisions\/762"}],"wp:attachment":[{"href":"https:\/\/pathdiseno.com\/index.php?rest_route=%2Fwp%2Fv2%2Fmedia&parent=262"}],"curies":[{"name":"wp","href":"https:\/\/api.w.org\/{rel}","templated":true}]}}